(o) be the second derivative of o**4/6 - o**3/3 + o**2/2 + o. What is v(f)?
5
Suppose -776*u = -744*u - 64. Let s(o) be the third derivative of o**6/720 - o**5/40 - o**4/24 + o**2. Let r(c) be the second derivative of s(c). What is r(u)?
-1
Let d(r) = r - 2. Let i(p) = -9 - 6*p + 0 + 5 - p**2 + 0. Let a be i(-5). Give d(a).
-1
Suppose -23*q - 123 = -31. Let u(w) = -w + 4. Determine u(q).
8
Let q(w) = -w**3 - w**2 + 5*w + 4. Suppose -n - 25 = -l - 2*l, 29 = 3*l + n. Suppose 4*m + t = -43, -3*m = -0*m + 2*t + 26. Let z = l + m. Calculate q(z).
7
Let a(v) be the first derivative of 5*v**3/3 + v - 1. Suppose c - 3*c - 2 = 0. Calculate a(c).
6
Let g(o) = 21*o**2 + 5*o - 12. Let m(t) = -161*t - 159*t + 22*t**2 + 326*t - 14. Let n(w) = -7*g(w) + 6*m(w). Let d be (-2)/(-8) - (-3)/4. Give n(d).
-14
Suppose -11 = 3*f + 2*t, -17 = 5*f - 4*t + 16. Let j(r) be the third derivative of -r**4/12 - r**3/6 - 9*r**2. Calculate j(f).
9
Suppose 0 = c + 3*c - 20. Suppose -t - g = -c*g - 10, -5*t - 5*g = 50. Let l(b) = -b**3 - 5*b**2 + 8*b + 7. What is l(t)?
-5
Let w(t) = -2*t**2 - 1312 + 7*t**2 + 1301 - 5*t - 3*t**2. Calculate w(5).
14
Suppose 4*w - 8*w - 15 = 5*k, -4*w = -4*k - 12. Let b(c) be the third derivative of -1/12*c**4 - 6*c**2 + 1/6*c**3 + 0*c + w. Determine b(2).
-3
Let x(u) = u**3 + u**2 - 4*u - 3. Let l be x(-2). Suppose -4*c + 6*c + 10 = 0, 2*p - 3*c = l. Let t(r) = -r**3 - 8*r**2 - 7*r + 8. Give t(p).
8
Let s(a) = -a**3 + 5*a**2 + a - 2. Let z = 2 - -3. Let y be s(z). Let g(x) = x - y + 6 - 1. Calculate g(6).
8
Let n = 6 + 1. Let r = n + -6. Let a(s) = 1 + s - r + 0 + 1. Calculate a(4).
5
Let u(s) = -s**3 + 10*s**2 - 8*s - 6. Suppose -6*k + 9 + 45 = 0. Let m be u(k). Let t(c) = 2 + 4*c**2 + 0*c - 3*c + 0*c**3 - c**m + 3. What is t(4)?
-7
Let x = 6 + 15. Suppose -w - 2*i = -x, 0*i - 73 = -5*w - 2*i. Suppose 3*d + w + 5 = 0. Let z(r) = -r**2 - 7*r. Give z(d).
6
Let z = -185 + 190. Let a(x) = 5*x**2 - x - x**3 - 1 - 1 + 1. Determine a(z).
-6
Suppose -f + 35 = -6*f. Let m be 3 + f - (-4 + -2). Let n(z) = -1 + 2*z**2 + m - z**2 - 4*z - 2*z**2. Calculate n(-3).
4
Let p(c) = -c**2 + 4. Let g(d) = d**2. Let r be g(2). Let n be -9 - -6 - r/(-2). Let x be 0 + 0*n/2. Determine p(x).
4
Let u = -2 - 3. Suppose -10*d + 8*d = -14. Let l(f) = 4*f**2 - 5*f**3 + 3*f**3 - 6*f**3 - d*f - 7 + 9*f**3. Determine l(u).
3
Let z(k) = -3*k**3 + 2*k**3 + 3 + 132429*k**2 - 132436*k**2. Let g = -12 + 5. Give z(g).
3
Let b(i) = 3*i**3 + i**2 - 2*i + 1. Let h(g) = -g**3 - 29*g**2 + 3*g + 69. Let v be h(-29). Let w = -58 - -41. Let l = w - v. Give b(l).
3
Suppose -u - 6 = 2*l - 0, -4*u = -2*l + 14. Let c(m) = 21*m**2 + 7*m + 6. Let y(n) = -62*n**2 - 20*n - 17. Let p(g) = 17*c(g) + 6*y(g). Calculate p(l).
-14
Let d(a) be the second derivative of a**3/3 + a**2 + 15*a - 2. Determine d(-4).
-6
Let r(l) = -l**3 - 5*l**2 - 3*l. Suppose x + 11*i - 8*i + 12 = 0, 3*x - 6 = 5*i. Determine r(x).
-9
Let i(t) = 4*t - 18. Let a be i(5). Let h(s) = -4*s + s**a + 180*s**3 - 179*s**3 + s. What is h(3)?
27
Let q(d) = 3*d - 31. Let y be (3*2 + -21 + 17)*5. Determine q(y).
-1
Suppose 17*t - 22 = 28*t. Let q(h) = -3*h**2 + 6*h + 7. Determine q(t).
-17
Let h(k) = -k**3 - 6*k**2 - 5*k + 2. Let m(r) = 2*r**3 + r - 3. Let f be m(2). Suppose 0 = 4*a + 2*x - 12 + 32, -3*a + 3*x - f = 0. What is h(a)?
2
Let c(i) = -9*i + 5. Suppose -4*d = 0, -39*k - 3*d - 5 = -34*k. Give c(k).
14
Let w(b) = 10*b - 2. Let j(n) = 21*n - 4. Let o(i) = -3*j(i) + 7*w(i). Give o(-5).
-37
Let f(q) be the third derivative of q**5/10 - q**2 - 8*q. Give f(-1).
6
Let f(y) = y**3 - 9*y**2 - 2*y + 17. Let z(s) = 6*s**3 - 46*s**2 - 10*s + 88. Let w(o) = 11*f(o) - 2*z(o). What is w(-6)?
-13
Let t be (-8)/(-3)*(-3)/(-2). Suppose 4*d = g + 9, -2*d = 7*g - 4*g - 1. Let x(q) = 0*q**2 + 3 + 6*q - t - 3*q**d + 2*q**2. What is x(5)?
4
Let q(h) = h**2 - 13*h - 18. Let d be q(14). Let k(z) = 3*z + 12. Determine k(d).
0
Let n(v) = -4*v. Suppose 22 = -r + 12*r. Suppose 3*k + 9 = 4*k + r*g, 0 = -5*k + 4*g + 3. Calculate n(k).
-12
Let h(i) be the first derivative of -1/4*i**4 + 12 + 11/2*i**2 - 2*i**3 + 10*i. Give h(-7).
-18
Let d(f) = -2*f**3 - 3*f**2 - 2*f - 2. Let v = -88 + 42. Let s = v + 44. Determine d(s).
6
Suppose 0*r = -2*r. Let b be 0 + r + (-4)/2. Let f(t) be the second derivative of -5*t**3/6 + t**2/2 - 40*t. Give f(b).
11
Suppose 0 = 2*r - 3*b - 22, -5*r + 3*b = -b - 48. Let y(s) be the first derivative of -s**2/2 + 11*s + 4. Determine y(r).
3
Let g(u) = 19*u**2 - u + 29. Let z(c) = 7*c**2 + 10. Let v(w) = 4*g(w) - 11*z(w). Calculate v(-5).
1
Suppose 0 = -3*o + b + 4, -3*b = -o + 2*o - 18. Let l be o - (8 - 1) - -4. Let f(k) = k + 6. Calculate f(l).
6
Let w(x) be the third derivative of x**4/8 + 21*x**2. Let z(b) = 3*b + 0*b - 2*b - 3*b. Let c(i) = -3*w(i) - 5*z(i). Determine c(-2).
-2
Let b(x) = -9*x**3 + 33*x**2 + 37*x - 14. Let f(o) = -4*o**3 + 16*o**2 + 16*o - 7. Let v(m) = -3*b(m) + 7*f(m). Give v(13).
6
Let h(p) = -p**2 - 6*p + 4. Let r(d) = d - 9. Let n be r(9). Suppose -6*q + 2*q - 32 = n. What is h(q)?
-12
Let f(o) be the third derivative of -3/8*o**4 - 1/6*o**3 + 3*o**2 + 0 + 0*o. Give f(1).
-10
Suppose 19 = -18*j - 35. Let f(n) = 2*n + 9. What is f(j)?
3
Let l(c) = 4*c - 18. Let f be l(6). Let m(p) = 2 - f*p - p**3 + 5*p + p - p**2. What is m(0)?
2
Let h(r) = 2*r**2 - 2 - 4*r + 5 - 3*r**2. Suppose 20*p - 16*p - n + 12 = 0, 2*p + 2*n = -16. What is h(p)?
3
Let u = -46 + 49. Suppose -5*x = -u*x + 10. Let y(m) = -m - 7. Determine y(x).
-2
Let p(s) = 0*s**3 - s**2 + 3*s**3 - s**3 - s**3. Let z(b) = 4*b - 6. Let h be z(4). Suppose h*t = 5*t + 10. Determine p(t).
4
Let o(n) = n**2 - 6*n - 3. Let i be o(7). Suppose i*z + 9 = 3*k - 0*k, 2*z + k = -7. Let x(u) = -3*u - u**2 + 2*u**2 + 3 - 2*u**2. What is x(z)?
3
Let q(k) be the third derivative of k**7/1260 + k**6/360 + k**5/60 - 11*k**4/12 + 9*k**2. Let v(n) be the second derivative of q(n). Calculate v(-2).
6
Let v(a) be the second derivative of -a**5/120 + 7*a**4/24 - 7*a**3/6 - 2*a. Let q(c) be the second derivative of v(c). Determine q(0).
7
Let d(w) be the second derivative of w**4/12 + w**3 + w**2 + w. Suppose -11*a + 7*a = 24. Let p(i) = 2*i + 8. Let f be p(a). What is d(f)?
-6
Suppose 5*r - 432 = 5*m + 98, m - 399 = -4*r. Let h = r + -98. Let j(c) = 3*c - 2. What is j(h)?
7
Let f(n) be the second derivative of -n**4/12 + n**3 + 40*n. Let m be (-4)/(-2)*(-3 + 4). Suppose t - 8 = -v, -3*v + 8 = -m*t - 1. Determine f(t).
9
Suppose 776*s - 769*s - 147 = 0. Let w(l) = -l**3 + 22*l**2 - 21*l + 5. Calculate w(s).
5
Let s(f) = -4*f + 4. Let g(o) = -4*o + 3. Let x(j) = 3*g(j) - 2*s(j). Give x(3).
-11
Let z(j) be the first derivative of -1/3*j**3 - 9 + 5*j + 7/2*j**2. Calculate z(7).
5
Suppose 0 = -15*x + 13*x. Suppose 4*y + 18 = -6. Let c(w) = 6*w**3 - w**2 - w. Let g(n) = 7*n**3 - n**2 - n. Let f(a) = y*c(a) + 5*g(a). What is f(x)?
0
Suppose 4*h + 33 = 5. Let p(y) be the third derivative of y**5/60 + y**4/4 + 109*y**2. Calculate p(h).
7
Suppose 3*a - 18 = 18. Let r(h) = -2*h**3 - a*h**3 + 11*h**3 - 3*h + 4*h**2. What is r(2)?
-14
Let h be 1*(2 - 2/1). Let u(v) = v + 13. Give u(h).
13
Let j = -1335 - -1346. Let x(l) = -l + 24. Determine x(j).
13
Let h(l) = -21*l - 1. Suppose 12 = 12*j + 24. Calculate h(j).
20
Let d(t) be the third derivative of -t**4/8 - 5*t**3/6 - 44*t**2. Give d(-4).
7
Let p(t) = -18*t + 4. Let o(f) = -44*f + 11. Let r(i) = -3*o(i) + 8*p(i). Let v(c) = c**3 - 12*c**2 - c + 11. Let h be v(12). Calculate r(h).
11
Let p(f) be the third derivative of 2*f**3 - 7/60*f**5 - 10*f**2 + 0 + 0*f - 5/12*f**4 + 1/120*f**6. Calculate p(8).
-4
Let a(o) be the first derivative of 9*o**2/2 + 13*o + 29. Let u(b) = 5*b + 7. Let x(c) = -6*a(c) + 11*u(c). Determine x(6).
5
Let b(d) = d**2 + d + 8. Let m(v) = v**2 + 14 + v - 9*v - 5*v. Let n be m(12). Suppose -l = n*l. Determine b(l).
8
Suppose 0 = 5*v - r + 18, -4*r - 15 + 7 = 0. Let w(l) = 4*l + 8. What is w(v)?
-8
Let y(p) = -5 + 5 - 1 + 9*p + 3. What is y(-2)?
-16
Let x(g) = 309 + 9*g**2 - 314 - g**3 - 4*g**2. Let f be (5 - 0)*2/5. Suppose 7 = f*z - 3*j, -5*z - 5*j + 43 - 13 = 0. Calculate x(z).
-5
Let l(o) = 12*o + 39. Let t(f) = -12*f - 31. Let r(k) = 4*l(k) + 5*t(k). Determine r(2).
-23
Let g(t) = 2*t**2 - 21*t + 48. Let w be g(7